{"id":65,"date":"2024-10-22T22:36:58","date_gmt":"2024-10-22T22:36:58","guid":{"rendered":"https:\/\/krear-t.com\/KRT-MARKETING\/?page_id=65"},"modified":"2024-10-25T15:33:36","modified_gmt":"2024-10-25T15:33:36","slug":"audiovisual","status":"publish","type":"page","link":"https:\/\/krear-t.com\/KRT-MARKETING\/audiovisual\/","title":{"rendered":"Audiovisual"},"content":{"rendered":"<p>[et_pb_section fb_built=\u00bb1&#8243; _builder_version=\u00bb4.24.2&#8243; _module_preset=\u00bbdefault\u00bb custom_padding=\u00bb0px||0px||true|false\u00bb global_colors_info=\u00bb{}\u00bb][et_pb_row _builder_version=\u00bb4.24.2&#8243; _module_preset=\u00bbdefault\u00bb width=\u00bb100%\u00bb max_width=\u00bb100%\u00bb custom_padding=\u00bb0px||0px||true|false\u00bb global_colors_info=\u00bb{}\u00bb][et_pb_column type=\u00bb4_4&#8243; _builder_version=\u00bb4.24.2&#8243; _module_preset=\u00bbdefault\u00bb global_colors_info=\u00bb{}\u00bb][et_pb_slider _builder_version=\u00bb4.24.2&#8243; _module_preset=\u00bbdefault\u00bb hover_transition_duration=\u00bb0ms\u00bb hover_enabled=\u00bb0&#8243; global_colors_info=\u00bb{}\u00bb custom_css_slide_button__hover_enabled=\u00bboff|desktop\u00bb sticky_enabled=\u00bb0&#8243;][et_pb_slide button_text=\u00bbCON\u00d3CENOS\u00bb use_bg_overlay=\u00bbon\u00bb use_text_overlay=\u00bboff\u00bb arrows_custom_color=\u00bb#000000&#8243; dot_nav_custom_color=\u00bb#FFFFFF\u00bb _builder_version=\u00bb4.24.2&#8243; _module_preset=\u00bbdefault\u00bb header_level=\u00bbh1&#8243; header_font=\u00bb||||||||\u00bb header_text_align=\u00bbleft\u00bb header_font_size=\u00bb3.5em\u00bb header_letter_spacing=\u00bb0px\u00bb body_font=\u00bbrethinksans-extrabold|600||on|||||\u00bb body_text_align=\u00bbleft\u00bb body_text_color=\u00bb#FFFFFF\u00bb body_font_size=\u00bb3em\u00bb body_line_height=\u00bb80px\u00bb background_color=\u00bbRGBA(255,255,255,0)\u00bb background_enable_color=\u00bbon\u00bb background_image=\u00bbhttps:\/\/krear-t.com\/KRT-MARKETING\/wp-content\/uploads\/2024\/10\/pexels-ron-lach-8100059-scaled.jpg\u00bb background_enable_image=\u00bbon\u00bb background_blend=\u00bboverlay\u00bb custom_button=\u00bbon\u00bb button_text_color=\u00bb#000000&#8243; button_bg_color=\u00bb#E09900&#8243; button_border_color=\u00bbRGBA(255,255,255,0)\u00bb button_border_radius=\u00bb50px\u00bb button_font=\u00bb|700|||||||\u00bb button_use_icon=\u00bboff\u00bb button_custom_padding=\u00bb|5%||5%|false|true\u00bb text_orientation=\u00bbleft\u00bb custom_padding=\u00bb40%||11%||false|false\u00bb hover_enabled=\u00bb0&#8243; header_font_size_tablet=\u00bb5em\u00bb header_font_size_phone=\u00bb2em\u00bb header_font_size_last_edited=\u00bbon|desktop\u00bb body_font_size_tablet=\u00bb5em\u00bb body_font_size_phone=\u00bb2em\u00bb body_font_size_last_edited=\u00bbon|phone\u00bb custom_css_main_element=\u00bbmargin-left: 0;||\u00bb custom_css_slide_title=\u00bb||\u00bb custom_css_slide_container=\u00bbwidth: 50%;||float: left;\u00bb header_text_shadow_style=\u00bbpreset4&#8243; body_text_shadow_style=\u00bbpreset1&#8243; global_colors_info=\u00bb{}\u00bb custom_css_slide_button__hover_enabled=\u00bboff|desktop\u00bb button_bg_color__hover_enabled=\u00bbon|hover\u00bb button_bg_color__hover=\u00bb#000000&#8243; button_bg_enable_color__hover=\u00bbon\u00bb button_text_color__hover_enabled=\u00bbon|desktop\u00bb button_text_color__hover=\u00bb#FFFFFF\u00bb sticky_transition=\u00bbon\u00bb button_link=\u00bbhttps:\/\/krear-t.com\/KRT-MARKETING\/nosotros\/\u00bb sticky_enabled=\u00bb0&#8243;]<\/p>\n<p>TU AGENCIA AUDIOVISUAL POR EXCELENCIA<\/p>\n<p>[\/et_pb_slide][\/et_pb_slider][\/et_pb_column][\/et_pb_row][\/et_pb_section][et_pb_section fb_built=\u00bb1&#8243; _builder_version=\u00bb4.24.2&#8243; _module_preset=\u00bbdefault\u00bb custom_padding=\u00bb0px||0px||true|false\u00bb global_colors_info=\u00bb{}\u00bb][et_pb_row column_structure=\u00bb2_5,3_5&#8243; use_custom_gutter=\u00bbon\u00bb make_equal=\u00bbon\u00bb _builder_version=\u00bb4.24.2&#8243; _module_preset=\u00bbdefault\u00bb width=\u00bb100%\u00bb max_width=\u00bb90%\u00bb global_colors_info=\u00bb{}\u00bb][et_pb_column type=\u00bb2_5&#8243; _builder_version=\u00bb4.24.2&#8243; _module_preset=\u00bbdefault\u00bb global_colors_info=\u00bb{}\u00bb][et_pb_image src=\u00bbhttps:\/\/krear-t.com\/KRT-MARKETING\/wp-content\/uploads\/2024\/10\/pexels-ron-lach-8089672-scaled.jpg\u00bb _builder_version=\u00bb4.24.2&#8243; _module_preset=\u00bbdefault\u00bb global_colors_info=\u00bb{}\u00bb][\/et_pb_image][\/et_pb_column][et_pb_column type=\u00bb3_5&#8243; _builder_version=\u00bb4.24.2&#8243; _module_preset=\u00bbdefault\u00bb custom_css_main_element=\u00bbdisplay: flex;||flex-direction: column;||justify-content: center;\u00bb global_colors_info=\u00bb{}\u00bb][et_pb_text _builder_version=\u00bb4.24.2&#8243; _module_preset=\u00bbdefault\u00bb text_font=\u00bb||||||||\u00bb header_font=\u00bbrethinksans-extrabold||||||||\u00bb header_text_align=\u00bbleft\u00bb header_text_color=\u00bb#000000&#8243; header_font_size=\u00bb3em\u00bb custom_margin=\u00bb||19px|||\u00bb custom_css_free_form=\u00bb.social {||  color: #e09900 !important;||}||||selector h1 {||  font-weight: 900;||}\u00bb global_colors_info=\u00bb{}\u00bb]<\/p>\n<h1>\u00bfPOR QU\u00c9 TU MARCA NECESITA <span class=\"social\">SER EXPUESTA<\/span>?<\/h1>\n<p>[\/et_pb_text][et_pb_text _builder_version=\u00bb4.24.2&#8243; _module_preset=\u00bbdefault\u00bb text_font=\u00bbrethinksans-regular||||||||\u00bb text_text_color=\u00bb#000000&#8243; text_font_size=\u00bb1em\u00bb text_line_height=\u00bb1.8em\u00bb custom_css_free_form=\u00bbselector li {||  line-height: 2em;||  list-style-type: square;||  margin-left: 20px;||}\u00bb global_colors_info=\u00bb{}\u00bb]<\/p>\n<p>La estrategia que te ofrecemos en KREAR-T Marketing 360 permite:<\/p>\n<ul>\n<li>Capatar la audiencia de manera efectiva.<\/li>\n<li>Transmitir profesionalismo e identidad.<\/li>\n<li>Comunicar tu mensaje de una manera atractiva.<\/li>\n<li>Destacar visualmente por sobre los dem\u00e1s.<\/li>\n<\/ul>\n<p>[\/et_pb_text][\/et_pb_column][\/et_pb_row][et_pb_row _builder_version=\u00bb4.24.2&#8243; _module_preset=\u00bbdefault\u00bb width=\u00bb100%\u00bb max_width=\u00bb90%\u00bb global_colors_info=\u00bb{}\u00bb][et_pb_column type=\u00bb4_4&#8243; _builder_version=\u00bb4.24.2&#8243; _module_preset=\u00bbdefault\u00bb global_colors_info=\u00bb{}\u00bb][et_pb_text _builder_version=\u00bb4.24.2&#8243; _module_preset=\u00bbdefault\u00bb text_font=\u00bbrethinksans-regular|900|||||||\u00bb header_2_font=\u00bbrethinksans-extrabold||||||||\u00bb header_2_text_color=\u00bb#000000&#8243; header_2_font_size=\u00bb4em\u00bb max_width=\u00bb70%\u00bb custom_margin=\u00bb||23px|||\u00bb custom_css_free_form=\u00bbh2 {||  font-weight: 900;||}||||.subrayado {||    position: relative;||}||||.subrayado::after {||    content: \u00bb;||    position: absolute;||    left: 0;||    right: 0;||    bottom: 10px;||    height: 10px;||    background-color: #e09900; ||    z-index: -1;||}\u00bb global_colors_info=\u00bb{}\u00bb custom_css_before_last_edited=\u00bboff|desktop\u00bb]<\/p>\n<h2>NUESTRAS <span class=\"subrayado\">SOLUCIONES<\/span> DE PRODUCCI\u00d3N AUDIOVISUAL<\/h2>\n<p>[\/et_pb_text][et_pb_text _builder_version=\u00bb4.24.2&#8243; _module_preset=\u00bbdefault\u00bb text_font=\u00bbrethinksans-regular|500|||||||\u00bb text_text_color=\u00bb#000000&#8243; text_font_size=\u00bb1.2em\u00bb text_line_height=\u00bb1em\u00bb max_width=\u00bb60%\u00bb global_colors_info=\u00bb{}\u00bb]<\/p>\n<p>Nuestros productos har\u00e1n que tus canales digitales reflejen la identidad de tu marca para acercarte a tu p\u00fablico objetivo.<\/p>\n<p>[\/et_pb_text][\/et_pb_column][\/et_pb_row][\/et_pb_section][et_pb_section fb_built=\u00bb1&#8243; _builder_version=\u00bb4.24.2&#8243; _module_preset=\u00bbdefault\u00bb custom_padding=\u00bb0px||2%||false|false\u00bb global_colors_info=\u00bb{}\u00bb][et_pb_row column_structure=\u00bb1_3,1_3,1_3&#8243; use_custom_gutter=\u00bbon\u00bb make_equal=\u00bbon\u00bb _builder_version=\u00bb4.24.2&#8243; _module_preset=\u00bbdefault\u00bb width=\u00bb100%\u00bb max_width=\u00bb90%\u00bb global_colors_info=\u00bb{}\u00bb][et_pb_column type=\u00bb1_3&#8243; _builder_version=\u00bb4.24.2&#8243; _module_preset=\u00bbdefault\u00bb global_colors_info=\u00bb{}\u00bb][et_pb_image src=\u00bbhttps:\/\/krear-t.com\/KRT-MARKETING\/wp-content\/uploads\/2024\/10\/pexels-cottonbro-6883804-scaled.jpg\u00bb _builder_version=\u00bb4.24.2&#8243; _module_preset=\u00bbdefault\u00bb width=\u00bb100%\u00bb module_alignment=\u00bbcenter\u00bb module_alignment_last_edited=\u00bboff|desktop\u00bb global_colors_info=\u00bb{}\u00bb][\/et_pb_image][et_pb_text _builder_version=\u00bb4.24.2&#8243; _module_preset=\u00bbdefault\u00bb text_font=\u00bbrethinksans-regular|700|||||||\u00bb text_text_color=\u00bb#E09900&#8243; text_font_size=\u00bb1.5em\u00bb custom_margin=\u00bb||-1px|||\u00bb global_colors_info=\u00bb{}\u00bb]<\/p>\n<p>PRODUCCI\u00d3N DE VIDEO CORPORATIVO<\/p>\n<p>[\/et_pb_text][et_pb_text _builder_version=\u00bb4.24.2&#8243; _module_preset=\u00bbdefault\u00bb text_font=\u00bbrethinksans-regular||||||||\u00bb text_text_color=\u00bb#000000&#8243; text_font_size=\u00bb1em\u00bb custom_margin=\u00bb-2px|||||\u00bb global_colors_info=\u00bb{}\u00bb]<\/p>\n<p><strong>Captura la esencia de tu marca.<\/strong> Creamos videos institucionales que reflejan tu misi\u00f3n, visi\u00f3n y valores, ayudando a construir una conexi\u00f3n emocional con tus empleados y clientes. Ideal para presentaciones internas, p\u00e1ginas web y ferias comerciales.<\/p>\n<p>[\/et_pb_text][\/et_pb_column][et_pb_column type=\u00bb1_3&#8243; _builder_version=\u00bb4.24.2&#8243; _module_preset=\u00bbdefault\u00bb global_colors_info=\u00bb{}\u00bb][et_pb_image src=\u00bbhttps:\/\/krear-t.com\/KRT-MARKETING\/wp-content\/uploads\/2024\/10\/pexels-cottonbro-5990265-scaled.jpg\u00bb _builder_version=\u00bb4.24.2&#8243; _module_preset=\u00bbdefault\u00bb width=\u00bb100%\u00bb module_alignment=\u00bbcenter\u00bb module_alignment_last_edited=\u00bboff|desktop\u00bb global_colors_info=\u00bb{}\u00bb][\/et_pb_image][et_pb_text _builder_version=\u00bb4.24.2&#8243; _module_preset=\u00bbdefault\u00bb text_font=\u00bbrethinksans-regular|700|||||||\u00bb text_text_color=\u00bb#E09900&#8243; text_font_size=\u00bb1.5em\u00bb custom_margin=\u00bb||-1px|||\u00bb global_colors_info=\u00bb{}\u00bb]<\/p>\n<p>PUBLICIDAD Y ANUNCIOS<\/p>\n<p>[\/et_pb_text][et_pb_text _builder_version=\u00bb4.24.2&#8243; _module_preset=\u00bbdefault\u00bb text_font=\u00bbrethinksans-regular||||||||\u00bb text_text_color=\u00bb#000000&#8243; text_font_size=\u00bb1em\u00bb custom_margin=\u00bb-2px|||||\u00bb global_colors_info=\u00bb{}\u00bb]<\/p>\n<p><strong>Atrae a tu audiencia con impacto.<\/strong> Desarrollamos comerciales atractivos y memorables para televisi\u00f3n y plataformas digitales que destacan tus productos o servicios, potenciando tu visibilidad y aumentando tu base de clientes.<\/p>\n<p>[\/et_pb_text][\/et_pb_column][et_pb_column type=\u00bb1_3&#8243; _builder_version=\u00bb4.24.2&#8243; _module_preset=\u00bbdefault\u00bb global_colors_info=\u00bb{}\u00bb][et_pb_image src=\u00bbhttps:\/\/krear-t.com\/KRT-MARKETING\/wp-content\/uploads\/2024\/10\/pexels-anthonyshkraba-production-8041175-scaled.jpg\u00bb _builder_version=\u00bb4.24.2&#8243; _module_preset=\u00bbdefault\u00bb width=\u00bb100%\u00bb module_alignment=\u00bbcenter\u00bb module_alignment_last_edited=\u00bboff|desktop\u00bb global_colors_info=\u00bb{}\u00bb][\/et_pb_image][et_pb_text _builder_version=\u00bb4.24.2&#8243; _module_preset=\u00bbdefault\u00bb text_font=\u00bbrethinksans-regular|700|||||||\u00bb text_text_color=\u00bb#E09900&#8243; text_font_size=\u00bb1.5em\u00bb custom_margin=\u00bb||-1px|||\u00bb global_colors_info=\u00bb{}\u00bb]<\/p>\n<p>PRODUCCI\u00d3N DE CONTENIDO PARA REDES SOCIALES<\/p>\n<p>[\/et_pb_text][et_pb_text _builder_version=\u00bb4.24.2&#8243; _module_preset=\u00bbdefault\u00bb text_font=\u00bbrethinksans-regular||||||||\u00bb text_text_color=\u00bb#000000&#8243; text_font_size=\u00bb1em\u00bb custom_margin=\u00bb-2px|||||\u00bb global_colors_info=\u00bb{}\u00bb]<\/p>\n<div class=\"row-fluid-wrapper row-depth-1 row-number-12 dnd-section dnd_area-row-3-padding dnd_area-row-3-vertical-alignment\">\n<div class=\"row-fluid \">\n<div class=\"span4 widget-span widget-type-cell dnd_area-column-28-vertical-alignment dnd_area-column-28-padding dnd-column\" data-widget-type=\"cell\" data-x=\"8\" data-w=\"4\">\n<div class=\"row-fluid-wrapper row-depth-1 row-number-18 dnd-row\">\n<div class=\"row-fluid \">\n<div class=\"span12 widget-span widget-type-custom_widget dnd-module\" data-widget-type=\"custom_widget\" data-x=\"0\" data-w=\"12\">\n<div id=\"hs_cos_wrapper_dnd_area-module-30\" class=\"hs_cos_wrapper hs_cos_wrapper_widget hs_cos_wrapper_type_module widget-type-rich_text widget-type-rich_text\" data-hs-cos-general-type=\"widget\" data-hs-cos-type=\"module\">\n<p><strong>Conecta y cautiva en las redes.<\/strong> Creamos clips cortos y atractivos, dise\u00f1ados espec\u00edficamente para plataformas como Instagram, TikTok y Facebook, ayud\u00e1ndote a aumentar tu engagement y a construir una comunidad activa.<\/p>\n<\/div>\n<\/div>\n<\/div>\n<\/div>\n<\/div>\n<\/div>\n<\/div>\n<p>[\/et_pb_text][\/et_pb_column][\/et_pb_row][et_pb_row column_structure=\u00bb1_3,1_3,1_3&#8243; use_custom_gutter=\u00bbon\u00bb make_equal=\u00bbon\u00bb _builder_version=\u00bb4.24.2&#8243; _module_preset=\u00bbdefault\u00bb width=\u00bb100%\u00bb max_width=\u00bb90%\u00bb global_colors_info=\u00bb{}\u00bb][et_pb_column type=\u00bb1_3&#8243; _builder_version=\u00bb4.24.2&#8243; _module_preset=\u00bbdefault\u00bb global_colors_info=\u00bb{}\u00bb][et_pb_image src=\u00bbhttps:\/\/krear-t.com\/KRT-MARKETING\/wp-content\/uploads\/2024\/10\/pexels-dlxmedia-hu-215591835-11901225-scaled.jpg\u00bb _builder_version=\u00bb4.24.2&#8243; _module_preset=\u00bbdefault\u00bb width=\u00bb100%\u00bb module_alignment=\u00bbcenter\u00bb module_alignment_last_edited=\u00bboff|desktop\u00bb global_colors_info=\u00bb{}\u00bb][\/et_pb_image][et_pb_text _builder_version=\u00bb4.24.2&#8243; _module_preset=\u00bbdefault\u00bb text_font=\u00bbrethinksans-regular|700|||||||\u00bb text_text_color=\u00bb#E09900&#8243; text_font_size=\u00bb1.5em\u00bb custom_margin=\u00bb||-1px|||\u00bb global_colors_info=\u00bb{}\u00bb]<\/p>\n<p>FOTOGRAF\u00cdA PROFESIONAL<\/p>\n<p>[\/et_pb_text][et_pb_text _builder_version=\u00bb4.24.2&#8243; _module_preset=\u00bbdefault\u00bb text_font=\u00bbrethinksans-regular||||||||\u00bb text_text_color=\u00bb#000000&#8243; text_font_size=\u00bb1em\u00bb custom_margin=\u00bb-2px|||||\u00bb global_colors_info=\u00bb{}\u00bb]<\/p>\n<p><strong>Capturamos im\u00e1genes impactantes<\/strong> que reflejan la esencia de tu marca. Ya sea para publicidad, eventos o retratos corporativos, nuestra fotograf\u00eda profesional realza tu identidad visual.<\/p>\n<p>[\/et_pb_text][\/et_pb_column][et_pb_column type=\u00bb1_3&#8243; _builder_version=\u00bb4.24.2&#8243; _module_preset=\u00bbdefault\u00bb global_colors_info=\u00bb{}\u00bb][et_pb_image src=\u00bbhttps:\/\/krear-t.com\/KRT-MARKETING\/wp-content\/uploads\/2024\/10\/pexels-paggiarofrancesco-695730-scaled.jpg\u00bb _builder_version=\u00bb4.24.2&#8243; _module_preset=\u00bbdefault\u00bb width=\u00bb100%\u00bb module_alignment=\u00bbcenter\u00bb module_alignment_last_edited=\u00bboff|desktop\u00bb global_colors_info=\u00bb{}\u00bb][\/et_pb_image][et_pb_text _builder_version=\u00bb4.24.2&#8243; _module_preset=\u00bbdefault\u00bb text_font=\u00bbrethinksans-regular|700|||||||\u00bb text_text_color=\u00bb#E09900&#8243; text_font_size=\u00bb1.5em\u00bb custom_margin=\u00bb||-1px|||\u00bb global_colors_info=\u00bb{}\u00bb]<\/p>\n<p>EDICI\u00d3N Y POST-PRODUCCI\u00d3N<\/p>\n<p>[\/et_pb_text][et_pb_text _builder_version=\u00bb4.24.2&#8243; _module_preset=\u00bbdefault\u00bb text_font=\u00bbrethinksans-regular||||||||\u00bb text_text_color=\u00bb#000000&#8243; text_font_size=\u00bb1em\u00bb custom_margin=\u00bb-2px|||||\u00bb global_colors_info=\u00bb{}\u00bb]<\/p>\n<p><strong>Transforma tu material en obras maestras.<\/strong> Ofrecemos servicios de edici\u00f3n de video, correcci\u00f3n de color y dise\u00f1o de sonido, asegurando que cada proyecto tenga un acabado profesional y atractivo.<\/p>\n<p>[\/et_pb_text][\/et_pb_column][et_pb_column type=\u00bb1_3&#8243; _builder_version=\u00bb4.24.2&#8243; _module_preset=\u00bbdefault\u00bb global_colors_info=\u00bb{}\u00bb][et_pb_image src=\u00bbhttps:\/\/krear-t.com\/KRT-MARKETING\/wp-content\/uploads\/2024\/10\/pexels-cottonbro-3945320-scaled.jpg\u00bb _builder_version=\u00bb4.24.2&#8243; _module_preset=\u00bbdefault\u00bb width=\u00bb100%\u00bb module_alignment=\u00bbcenter\u00bb module_alignment_last_edited=\u00bboff|desktop\u00bb global_colors_info=\u00bb{}\u00bb][\/et_pb_image][et_pb_text _builder_version=\u00bb4.24.2&#8243; _module_preset=\u00bbdefault\u00bb text_font=\u00bbrethinksans-regular|700|||||||\u00bb text_text_color=\u00bb#E09900&#8243; text_font_size=\u00bb1.5em\u00bb custom_margin=\u00bb||-1px|||\u00bb global_colors_info=\u00bb{}\u00bb]<\/p>\n<p>DOCUMENTALES<\/p>\n<p>[\/et_pb_text][et_pb_text _builder_version=\u00bb4.24.2&#8243; _module_preset=\u00bbdefault\u00bb text_font=\u00bbrethinksans-regular||||||||\u00bb text_text_color=\u00bb#000000&#8243; text_font_size=\u00bb1em\u00bb custom_margin=\u00bb-2px|||||\u00bb global_colors_info=\u00bb{}\u00bb]<\/p>\n<div class=\"row-fluid-wrapper row-depth-1 row-number-12 dnd-section dnd_area-row-3-padding dnd_area-row-3-vertical-alignment\">\n<div class=\"row-fluid \">\n<div class=\"span4 widget-span widget-type-cell dnd_area-column-28-vertical-alignment dnd_area-column-28-padding dnd-column\" data-widget-type=\"cell\" data-x=\"8\" data-w=\"4\">\n<div class=\"row-fluid-wrapper row-depth-1 row-number-18 dnd-row\">\n<div class=\"row-fluid \">\n<div class=\"span12 widget-span widget-type-custom_widget dnd-module\" data-widget-type=\"custom_widget\" data-x=\"0\" data-w=\"12\">\n<div id=\"hs_cos_wrapper_dnd_area-module-30\" class=\"hs_cos_wrapper hs_cos_wrapper_widget hs_cos_wrapper_type_module widget-type-rich_text widget-type-rich_text\" data-hs-cos-general-type=\"widget\" data-hs-cos-type=\"module\">\n<p><strong>Cuenta la historia de tu marca.<\/strong> Creamos documentales que exploran la trayectoria de tu empresa, sus desaf\u00edos y logros, conectando emocionalmente con la audiencia y fortaleciendo tu imagen de marca.<\/p>\n<\/div>\n<\/div>\n<\/div>\n<\/div>\n<\/div>\n<\/div>\n<\/div>\n<p>[\/et_pb_text][\/et_pb_column][\/et_pb_row][\/et_pb_section][et_pb_section fb_built=\u00bb1&#8243; _builder_version=\u00bb4.24.2&#8243; _module_preset=\u00bbdefault\u00bb background_color=\u00bbrgba(0,0,0,0.7)\u00bb background_image=\u00bbhttps:\/\/krear-t.com\/KRT-MARKETING\/wp-content\/uploads\/2024\/10\/pexels-jibarofoto-1759530-scaled.jpg\u00bb background_blend=\u00bbmultiply\u00bb height=\u00bb500px\u00bb custom_css_main_element=\u00bbbackground-attachment: fixed;\u00bb locked=\u00bboff\u00bb global_colors_info=\u00bb{}\u00bb][et_pb_row _builder_version=\u00bb4.24.2&#8243; _module_preset=\u00bbdefault\u00bb width=\u00bb100%\u00bb max_width=\u00bb90%\u00bb height=\u00bb100%\u00bb custom_padding=\u00bb0px||0px||true|false\u00bb custom_css_main_element=\u00bbdisplay: flex;||flex-direction: column;||justify-content: center;\u00bb border_width_all=\u00bb10px\u00bb border_color_all=\u00bb#FFFFFF\u00bb global_colors_info=\u00bb{}\u00bb][et_pb_column type=\u00bb4_4&#8243; _builder_version=\u00bb4.24.2&#8243; _module_preset=\u00bbdefault\u00bb global_colors_info=\u00bb{}\u00bb][et_pb_text _builder_version=\u00bb4.24.2&#8243; _module_preset=\u00bbdefault\u00bb text_font=\u00bbrethinksans-extrabold||||||||\u00bb text_text_color=\u00bb#E09900&#8243; text_font_size=\u00bb3em\u00bb text_orientation=\u00bbcenter\u00bb global_colors_info=\u00bb{}\u00bb]<\/p>\n<p>CREEMOS JUNTOS<\/p>\n<p>[\/et_pb_text][et_pb_text _builder_version=\u00bb4.24.2&#8243; _module_preset=\u00bbdefault\u00bb text_font=\u00bbrethinksans-extrabold||||||||\u00bb text_text_color=\u00bb#FFFFFF\u00bb text_font_size=\u00bb3em\u00bb text_orientation=\u00bbcenter\u00bb global_colors_info=\u00bb{}\u00bb]<\/p>\n<p>LA MEJOR IMAGEN DE TI<\/p>\n<p>[\/et_pb_text][\/et_pb_column][\/et_pb_row][\/et_pb_section]<\/p>\n","protected":false},"excerpt":{"rendered":"<p>TU AGENCIA AUDIOVISUAL POR EXCELENCIA\u00bfPOR QU\u00c9 TU MARCA NECESITA SER EXPUESTA?La estrategia que te ofrecemos en KREAR-T Marketing 360 permite: Capatar la audiencia de manera efectiva. Transmitir profesionalismo e identidad. Comunicar tu mensaje de una manera atractiva. Destacar visualmente por sobre los dem\u00e1s. NUESTRAS SOLUCIONES DE PRODUCCI\u00d3N AUDIOVISUALNuestros productos har\u00e1n que tus canales digitales reflejen [&hellip;]<\/p>\n","protected":false},"author":1,"featured_media":0,"parent":0,"menu_order":0,"comment_status":"closed","ping_status":"closed","template":"","meta":{"_et_pb_use_builder":"on","_et_pb_old_content":"","_et_gb_content_width":"","footnotes":""},"class_list":["post-65","page","type-page","status-publish","hentry"],"_links":{"self":[{"href":"https:\/\/krear-t.com\/KRT-MARKETING\/wp-json\/wp\/v2\/pages\/65","targetHints":{"allow":["GET"]}}],"collection":[{"href":"https:\/\/krear-t.com\/KRT-MARKETING\/wp-json\/wp\/v2\/pages"}],"about":[{"href":"https:\/\/krear-t.com\/KRT-MARKETING\/wp-json\/wp\/v2\/types\/page"}],"author":[{"embeddable":true,"href":"https:\/\/krear-t.com\/KRT-MARKETING\/wp-json\/wp\/v2\/users\/1"}],"replies":[{"embeddable":true,"href":"https:\/\/krear-t.com\/KRT-MARKETING\/wp-json\/wp\/v2\/comments?post=65"}],"version-history":[{"count":24,"href":"https:\/\/krear-t.com\/KRT-MARKETING\/wp-json\/wp\/v2\/pages\/65\/revisions"}],"predecessor-version":[{"id":343,"href":"https:\/\/krear-t.com\/KRT-MARKETING\/wp-json\/wp\/v2\/pages\/65\/revisions\/343"}],"wp:attachment":[{"href":"https:\/\/krear-t.com\/KRT-MARKETING\/wp-json\/wp\/v2\/media?parent=65"}],"curies":[{"name":"wp","href":"https:\/\/api.w.org\/{rel}","templated":true}]}}